 12868289?
6
What is the tens digit of 1399545?
4
What is the ten millions digit of 17727936?
1
What is the thousands digit of 2446512?
6
What is the ten thousands digit of 2241945?
4
What is the tens digit of 36051?
5
What is the tens digit of 622776?
7
What is the hundreds digit of 220226?
2
What is the thousands digit of 225160?
5
What is the thousands digit of 470862?
0
What is the hundred thousands digit of 247258?
2
What is the units digit of 13786876?
6
What is the hundreds digit of 2699?
6
What is the hundreds digit of 1700626?
6
What is the hundred thousands digit of 4011838?
0
What is the hundreds digit of 467491?
4
What is the units digit of 2809860?
0
What is the thousands digit of 1027769?
7
What is the units digit of 3599668?
8
What is the tens digit of 2897062?
6
What is the hundreds digit of 1725831?
8
What is the ten thousands digit of 6706128?
0
What is the units digit of 654503?
3
What is the hundreds digit of 228519?
5
What is the thousands digit of 92747?
2
What is the units digit of 1914026?
6
What is the units digit of 22289213?
3
What is the ten millions digit of 16795565?
1
What is the units digit of 3749009?
9
What is the ten thousands digit of 7525865?
2
What is the tens digit of 2602821?
2
What is the hundreds digit of 7114909?
9
What is the thousands digit of 2945648?
5
What is the tens digit of 145724?
2
What is the units digit of 63387?
7
What is the tens digit of 24217658?
5
What is the tens digit of 9864?
6
What is the units digit of 12279719?
9
What is the ten thousands digit of 93842?
9
What is the thousands digit of 140811?
0
What is the units digit of 172506?
6
What is the thousands digit of 483242?
3
What is the ten thousands digit of 11506321?
0
What is the ten thousands digit of 5820427?
2
What is the hundreds digit of 907325?
3
What is the ten thousands digit of 5024965?
2
What is the thousands digit of 829945?
9
What is the units digit of 1024720?
0
What is the units digit of 487943?
3
What is the hundred thousands digit of 1784102?
7
What is the hundreds digit of 46746?
7
What is the ten thousands digit of 2393264?
9
What is the thousands digit of 115772?
5
What is the thousands digit of 301169?
1
What is the tens digit of 4640197?
9
What is the hundreds digit of 81888?
8
What is the hundred thousands digit of 1810646?
8
What is the units digit of 190662?
2
What is the thousands digit of 36851?
6
What is the units digit of 248302?
2
What is the hundred thousands digit of 1082752?
0
What is the ten millions digit of 10139140?
1
What is the hundreds digit of 683802?
8
What is the thousands digit of 11855223?
5
What is the tens digit of 169060?
6
What is the hundreds digit of 7559914?
9
What is the thousands digit of 3145998?
5
What is the hundreds digit of 851882?
8
What is the units digit of 50513?
3
What is the units digit of 229384?
4
What is the ten millions digit of 35576354?
3
What is the units digit of 69521?
1
What is the ten millions digit of 20839102?
2
What is the hundred thousands digit of 264247?
2
What is the ten thousands digit of 214029?
1
What is the ten thousands digit of 282315?
8
What is the hundreds digit of 830629?
6
What is the hundred thousands digit of 643616?
6
What is the hundred thousands digit of 278457?
2
What is the hundreds digit of 7875367?
3
What is the thousands digit of 1283715?
3
What is the hundreds digit of 1766125?
1
What is the tens digit of 10199677?
7
What is the hundred thousands digit of 15657661?
6
What is the thousands digit of 102366?
2
What is the units digit of 3097918?
8
What is the tens digit of 773892?
9
What is the hundred thousands digit of 3691028?
6
What is the hundreds digit of 4330060?
0
What is the thousands digit of 2662359?
2
What is the ten thousands digit of 8941400?
4
What is the hundred thousands digit of 2447384?
4
What is the units digit of 3160109?
9
What is the ten thousands digit of 4937228?
3
What is the millions digit of 18526093?
8
What is the hundreds digit of 4403?
4
What is the ten thousands digit of 237775?
3
What is the ten thousands digit of 227552?
2
What is the hundred thousands digit of 445127?
4
What is the thousands digit of 1340826?
0
What is the hundred thousands digit of 9482395?
4
What is the tens digit of 55364?
6
What is the hundreds digit of 14064846?
8
What is the hundred thousands digit of 521867?
5
What is the units digit of 700001?
1
What is the tens digit of 183524?
2
What is the ten thousands digit of 16110704?
1
What is the units digit of 604254?
4
What is the hundred thousands digit of 220771?
2
What is the ten thousands digit of 260815?
6
What is the tens digit of 1891161?
6
What is the thousands digit of 144477?
4
What is the thousands digit of 19380553?
0
What is the thousands digit of 8294786?
4
What is the units digit of 189085?
5
What is the ten thousands digit of 1962059?
6
What is the thousands digit of 6391779?
1
What is the hundred thousands digit of 3123959?
1
What is the thousands digit of 1432209?
2
What is the tens digit of 291549?
4
What is the ten thousands digit of 1483456?
8
What is the units digit of 17022747?
7
What is the ten millions digit of 15171990?
1
What is the ten thousands digit of 158411?
5
What is the tens digit of 590441?
4
What is the hundreds digit of 279726?
7
What is the hundred thousands digit of 371362?
3
What is the tens digit of 4319340?
4
What is the hundreds digit of 216004?
0
What is the thousands digit of 96686?
6
What is the hundreds digit of 51040?
0
What is the hundred thousands digit of 134124?
1
What is the units digit of 7306487?
7
What is the hundreds digit of 2078520?
5
What is the tens digit of 7175554?
5
What is the hundreds digit of 2048775?
7
What is the hundreds digit of 2800987?
9
What is the hundreds digit of 21693?
6
What is the hundred thousands digit of 2311032?
3
What is the hundred thousands digit of 6837192?
8
What is the ten thousands digit of 3047464?
4
What is the hundred thousands digit of 8044402?
0
What is the hundred thousands digit of 3025030?
0
What is the units digit of 1978905?
5
What is the hundreds digit of 1378053?
0
What is the ten thousands digit of 7743539?
4
What is the ten thousands digit of 1320391?
2
What is the tens digit of 94873?
7
What is the units digit of 28886012?
2
What is the thousands digit of 1693946?
3
What is the units digit of 23736?
6
What is the hundreds digit of 3140928?
9
What is the hundreds digit of 280010?
0
What is the tens digit of 2473929?
2
What is the tens digit of 146972?
7
What is the ten thousands digit of 8086699?
8
What is the tens digit of 54933?
3
What is the thousands digit of 297852?
7
What is the hundreds digit of 1089515?
5
What is the hundred thousands digit of 183269?
1
What is the tens digit of 321498?
9
What is the thousands digit of 17562050?
2
What is the ten millions digit of 20901173?
2
What is the tens digit of 3229656?
5
What is the tens digit of 19872?
7
What is the units digit of 471657?
7
What is the units digit of 4143124?
4
What is the hundreds digit of 617886?
8
What is the tens digit of 42874?
7
What is the hundred thousands digit of 5063951?
0
What is the hundred thousands digit of 7962556?
9
What is the tens digit of 449224?
2
What is the hundred thousands digit of 713642?
7
What is the millions digit of 1732511?
1
What is the millions digit of 2034399?
2
What is the units digit of 537187?
7
What is the thousands digit of 2040915?
0
What is the thousands digit of 11613839?
3
What is the hundreds digit of 1255137?
1
What is the thousands digit of 74046?
4
What is the units digit of 860082?
2
What is the hundred thousands digit of 13476399?
4
What is the thousands digit of 6032685?
2
What is the hundred thousands digit of 578982?
5
What is the millions digit of 1223578?
1
What is the thousands digit of 6319333?
9
What is the hundred thousands digit of 413662?
4
What is the ten thousands digit of 64498?
6
What is the ten thousands digit of 266578?
6
What is the tens digit of 792858?
5
What is the thousands digit of 7417586?
7
What is the units digit of 1334272?
2
What is the units digit of 156368?
8
What is the units digit of 1447681?
1
What is the units digit of 8264680?
0
What is the hundred thousands digit of 134557?
1
What is the units digit of 2472165?
5
What